= w - z. Is q a prime number?
False
Let n = 151 - -36. Let h = 3406 + n. Is h a prime number?
True
Suppose -14*b + 7*b = -2*b. Suppose b = 3*q + 5*a - 3637, a = 3*q - 3*a - 3673. Is q a prime number?
False
Let n be 7/((-42)/10 - -4). Is 82/2*(-385)/n a prime number?
False
Let r be 0/(-2 - 5/(-5)). Suppose -3*z + 17 - 38 = r. Let g = 15 - z. Is g composite?
True
Let z = -24 - -10. Is (-2)/z + 8832/14 composite?
False
Let f be (-150)/(8/(-24)*6). Is 1/(-5) - (-5)/(f/7758) a composite number?
True
Let b(l) = 1. Let z(t) = -t**3 + 3*t**2 + 5*t - 9. Let i(v) = -3*b(v) - z(v). Let c be i(4). Suppose 205 = c*m - 61. Is m a composite number?
True
Suppose 3*d + 2*d = -255. Let o be ((-30)/(-45))/((-2)/d). Suppose -o*s + 20*s = 3141. Is s a composite number?
True
Let t = -23 + 31. Let h(j) = j**3 - 6*j**2 - 7*j + 4. Let v be h(t). Let l = v + 69. Is l a prime number?
False
Let l = 42787 + -194. Is l a prime number?
False
Let m(k) = 20*k**2 - 31*k + 155191. Is m(0) a composite number?
False
Suppose -f - 144 = -51775. Is f a composite number?
False
Let v(m) = -m**2 - m. Let h(a) = a + 743. Let w(f) = h(f) + v(f). Let d(s) = -s - 6. Let x be d(-6). Is w(x) composite?
False
Suppose 0 = -f - 6*f + 14. Suppose -3*m + 50 = f*q, 3*q - q - 22 = -m. Is m a composite number?
True
Let t = -1999 - -2801. Suppose 0 = -2*l, -2*l - 216 - 162 = -3*n. Is 6/(n/7) + t/6 prime?
False
Suppose -s + 8 = -2*u, -3*u = -8*s + 3*s + 19. Suppose 3*o = -s*a - 3*a + 16718, 0 = 3*o - 3. Is a a prime number?
True
Let l(y) = -y**3 - 5*y**2 - 2*y + 4. Let h be l(-4). Let d be ((-17)/h)/(3/24). Suppose 0 = -5*b, b + d = o - 63. Is o a prime number?
True
Let y(i) = -34*i**3 - 27*i**2 + 3*i + 4. Let c be y(-8). Suppose c = 5*h - 5*n, 5*h + n + 2*n = 15620. Is h a prime number?
False
Suppose -4*b + 2537 - 565 = 0. Suppose -779 = -6*t + b. Suppose -40*c + t = -36*c. Is c a composite number?
False
Let z(k) = -44705*k + 98. Is z(-1) composite?
True
Suppose -80153 - 116649 = -19*d. Suppose 20*k + d = 22*k. Is k a composite number?
False
Let y(v) = 8*v + 37. Let w(u) = u**2 + 8*u + 37. Let c(o) = 4*w(o) - 5*y(o). Is c(18) prime?
False
Let a(i) = 1033*i - 25. Let z(y) = 1. Let s(l) = -a(l) - 5*z(l). Is s(-3) composite?
False
Let c be (-74)/10 - 14/(-35). Let m(o) = -61*o**3 + 14*o + 62. Is m(c) composite?
False
Let n = -310 + -314. Let s be (-890 - 1) + (-4 - -4). Let r = n - s. Is r composite?
True
Let v(o) = -23946*o - 1685. Is v(-6) prime?
True
Let r(p) = p**3 - 6*p**2 - 17*p + 10. Let j be r(8). Is 1086/j - ((-4)/4 - -3) composite?
False
Suppose 0*j + 3215 = j. Let f = 19628 - j. Is f a prime number?
False
Let w = -4576 - -22599. Is w composite?
True
Suppose 0 = 2*d - 8, -23*h - 7*d = -28*h + 1517617. Is h a composite number?
False
Suppose -33882 - 3943 = -v + 27966. Is v composite?
True
Let y = -319990 - -595997. Is y composite?
False
Suppose 0*k - 29743 = -4*k - 3*d, -7437 = -k - 2*d. Is k a prime number?
False
Suppose -5*m + 9 = -16, -3*i - m + 3875 = 0. Suppose -h + i = y, 3878 = 3*y - 6*h + h. Is y prime?
True
Let h(j) be the first derivative of 2*j**2 - 7*j + 4/3*j**3 - 3 + 7/2*j**4. Is h(3) a prime number?
True
Suppose 22*v + 265 = -175. Is v/(-4) - (-713 + -1) a prime number?
True
Suppose -441074 = -20*i - 88853 + 250999. Is i composite?
False
Let o(s) = -s**3 + 5*s**2 + 6*s. Let u(y) = -y**3 + y**2 - 1. Let d(c) = -o(c) + 5*u(c). Is d(-7) composite?
False
Let b(c) = 3 - 32 + 673*c + 970*c + 96*c. Is b(2) a composite number?
False
Let d be (3/6)/(4*5/2126360). Suppose 10*x = 129471 + d. Is x composite?
True
Suppose 0 = -4*a - 4*u + 674772, 4*u - 478516 + 141134 = -2*a. Is a prime?
False
Let o(y) = -77*y**3 - 4*y**2 + 2*y + 1. Let x(i) = -2*i**2 - 7*i + 11. Let j be x(-5). Is o(j) a composite number?
True
Suppose 0 = 5*x + 3*x - 3485005 - 1241083. Is x a composite number?
True
Let p(g) = 57*g**3 - 9*g**2 - 6*g + 9. Let s(f) = -4*f + 85. Let o be s(20). Is p(o) prime?
False
Let h = 108 + -29. Let l be (-8 + h)/((-3)/(-1 + 4)). Let i = 1260 + l. Is i a prime number?
False
Let k(j) = 36*j**2 - 81*j - 41. Let a be k(19). Suppose a = 31*b - 16701. Is b composite?
False
Suppose -1 = 2*j - 5. Let z be 12801/(-126)*-22 - (149/21 - 7). Suppose -j*n + 3031 = -z. Is n a prime number?
True
Suppose -6*o = -2*o - 2*c, -2*o = c. Suppose -775 = t - 2*a, 2*t + o*t + 1538 = -2*a. Is t/6*(2 - 4) a composite number?
False
Let g = 844 + 916. Suppose c - 6*c = v - g, 4*v - 5*c = 6940. Suppose 4*r = -8*r + v. Is r a composite number?
True
Let n be ((-4)/(-10))/((-13)/(-260)). Suppose -10 = -n*m + 3*m. Suppose 185 = 7*p - m*p. Is p a prime number?
True
Let u(l) = 3*l**2 + 83*l - 24. Let i be u(-30). Suppose -189*c = -i*c - 16833. Is c a composite number?
True
Let t = -105 + 111. Suppose -4*c - 5668 = t*j - 11*j, c + 4530 = 4*j. Suppose p = -0*z + z - 378, 5*p + j = 3*z. Is z a composite number?
False
Suppose -8*g + 10*g - 15*g = -1821079. Is g prime?
False
Suppose -3*q = 2*d + 1, 4*d - q + 2 - 7 = 0. Let i be 2/d - (-3 + 5). Is 1755 + 3 + -1 + i + 2 composite?
False
Suppose i = 3*r + 5*i - 12, 0 = -4*r - 5*i + 15. Suppose 4*k = 2*s - 818, r = 2*s + 4*k - 854 - 4. Is s composite?
False
Suppose -3*z + z - 4*n - 12 = 0, -5*n = 3*z + 14. Suppose -z*g + 1766 = 228. Is g prime?
True
Let m(j) = -184*j**2 - 5*j + 4. Let d be m(5). Let w = 8132 + d. Is w a prime number?
True
Let h(g) = -g**3 - 3*g**2 + 2*g + 3. Let m be h(-9). Let t = -242 + m. Suppose 0*z + 3*z + t = 4*p, -z = 3. Is p a composite number?
True
Is 644/184*(-243436)/(-14) a prime number?
True
Let p = -835 - -1552. Is (36/54)/(1/p) composite?
True
Let v be (-1)/((-1)/(-6))*162/36. Let w be 3 - 4 - 35*v. Suppose -2*t = 6*t - w. Is t prime?
False
Suppose 13*n = 12*n - 5*a + 17, 4*n - 2*a - 2 = 0. Suppose 0 = 5*y + n*x - 7105, 0 = 5*y + 4*x - 5*x - 7120. Is y prime?
True
Let b(p) = 835*p**2 + 10*p + 122. Is b(11) a prime number?
True
Suppose 2*s = -b - 72, -3*b - 125 = 3*s + 106. Let d = -76 - b. Suppose 0 = -d*m - 2*m + 16424. Is m a prime number?
True
Let n = -73 - -74. Is (479/(-2))/(20/24 - n) a prime number?
False
Let u be (-3)/21 + 310/(-35). Is ((-3)/u)/(6/70326) prime?
True
Let y = 404596 - 130809. Is y a composite number?
False
Let t(v) = 76*v**2 + 3*v - 3. Let j = -44 + 49. Suppose -6 = -3*q + 2*q - m, 0 = j*q + 4*m - 26. Is t(q) a prime number?
True
Let d = 224 - -306. Let p(u) = -3*u**2 + 5*u - 3. Let b be p(-8). Let j = d + b. Is j a prime number?
False
Is (4 + (-514845)/(-2))/(189/14 - 13) a prime number?
True
Let n = -44 - 4. Let s be n/(-10)*(-9 - -5874). Suppose 10*t - s = 6058. Is t composite?
True
Suppose -4*u - 4*h - 8 = 0, -2*u + h = -24 + 13. Is (6778/u)/((-48)/(-72)) a composite number?
False
Suppose z - 25 = 2*z + 4*j, -j = -5*z - 41. Is ((-8404)/(-66))/(3/(z/(-2))) a prime number?
True
Is ((-3972)/44)/(1/(-11)) prime?
False
Suppose -18 = 3*v + 9. Let l(f) = -241*f - 118. Is l(v) a composite number?
True
Is 12580 + (-1 + 32 - 10) prime?
True
Suppose -4*j = 4*d - 24, -2*d - 4*j = -10 - 6. Suppose d*b - 20704 = 2*s, 0*b + 2*b + 3*s = 10360. Is b a composite number?
True
Suppose 66 = 6*z + 5*z. Suppose -19*p + z*p = -29263. Is p a composite number?
False
Let x(y) = y**3 - 13*y**2 - 15*y - 1. Let g be x(14). Let j(h) = 4*h**2 + 23*h + 14. Let u be j(g). Suppose -u = 4*v - 4197. Is v prime?
True
Let c = 4 + 0. Let w(s) = 316*s**2 + 2*s + 13. Is w(c) composite?
False
Suppose 90*z - 13787473 + 4956403 = 0. Is z a prime number?
True
Suppose -2*j + 26 = -0*w - 4*w, 4*w - j + 21 = 0. Let d = -25 + 19. Is 82*1 - 2/(d - w) composite?
False
Let a(w) = w**3 + 8*w**2 - 3*w + 4. Let t = 37 + -45. Let u be a(t). Suppose 2*m - 328 - u = 0. Is m prime?
False
Let o(q) = q**3 + 11*q**2 + 10*q. Let x be o(-10). Suppose x*s - s - 7502 = 5*y, 0 = 3*y + 3*s + 4494. Let c = y + 2270. Is c prime?
True
Let a(k) = k**3 + 7*k**2 + 6*k + 3. Let c be (30/9 + -4 + 0)*9. Let n be a(c). Suppose -4*p - 2710 = -2*z, n*p - 2731 = -z - z. Is z composite?
False
Is 1/(-2)*(-170067 - -49) prime?
True
Suppose 0 = -r - n, -2*n + 0*n = -r + 6. Suppose r*u = -s - u + 12, -4*s + 2*u = 8. Suppose 6*t - 1485 - 453 = s. Is t a composite number?
True
Let h(l) = 3*l**3 - 10*l**2 - 2*l - 33. Let i be h(-10). Let m = i + 6072. Is m a prime number?
False
Suppose -7 = -5*n - 0*k - k, 